9 - -42) + 38
21
What is (-2 - -56) + -55 + 14 + (17 - (2 + 1))?
27
What is 0 + 2 - (4 - 2) - (-30 - (51 - 95))?
-14
What is (11 + -7 - -12 - -25) + -13?
28
What is 16 + (-85 + 56 - 15)?
-28
What is (-2 - 10 - -40 - (8 + -23)) + -8?
35
Evaluate -44 - (15 - -6 - 36 - -5).
-34
Calculate 2 + -37 + 1 - (13 + (-15 - 5)).
-27
Evaluate (-19 - -21 - -3) + (-4 - 7) + -51.
-57
Calculate -15 + 43 + -29 - (16 - -18).
-35
What is -16 + -84 + (-41 - -139)?
-2
What is the value of 7 + 5 - (-15 - (-25 - -13 - -2)) - -4?
21
(42 - 75) + -16 - -16
-33
Evaluate -212 - 2 - (1116 + -1214).
-116
Evaluate 35 + (1 - (28 + 5)) - -53.
56
-5 - -18 - 6 - (11 + -8 + 15 + -2)
-9
258 + -222 + (-29 - 2) + -126
-121
Calculate -7 + -70 - -67 - 48.
-58
Evaluate -3 + -7 + -4 + 13 + 4 + -3 + 49.
49
Calculate (-206 - -202 - (-2 - -9)) + 18.
7
Calculate 9 + -17 + 93 - (-5 + 18 - 13 - 2).
87
Evaluate 80 - (-12 + -3 + (7 - -24)).
64
Evaluate 10 + (-3 - -6) + -76 - (-31 + 22).
-54
What is 3 + -21 + -40 - -22 - (-19 - (-4 - 0))?
-21
What is the value of 19 - (0 - -13 - 36 - -82)?
-40
16 + -22 - (1 - -3) - (-143 + 25)
108
Evaluate 19 - (12 - 25 - 1 - -24) - -133.
142
Calculate 3 + 1 + (9 - (21 - 17)).
9
What is the value of (37 - (7 + -17 + 27) - 16) + 0 + 28?
32
Evaluate (44 - 5 - (0 + -5)) + (-90 - -87).
41
What is the value of -4 - 1 - (35 + -42 + 56)?
-54
Calculate (2 - (-14 - 0)) + (97 - (-17 + 37)).
93
What is -2 - (38 - 13 - ((-5 - -2) + 8) - 10)?
-12
-18 + 1 + 3 + (62 - 20) + 128
156
What is (-12 + (11 - -12) - 7) + 2?
6
What is the value of -5 - (-11 - (32 - (-1 + -10))) - -1?
50
(18 - 55 - -18) + 66 - 9
38
Calculate -27 + 36 + -42 + 22.
-11
What is the value of 14 - (-20 - 11 - (-18 - (-21 + 1)))?
47
What is -2 - -4 - (0 - (40 + -16))?
26
What is 14 + -4 + -26 + (27 - 9)?
2
Evaluate 201 + -155 + (-9 - -21) - (-1 + 17).
42
Evaluate -5 - (-4 - -1) - -31 - (-109 - -106).
32
12 + -18 - 5 - (-6 - (3 - 8 - -6))
-4
Calculate 1 + -4 + (0 + 0 - -2) - (99 - 116).
16
Evaluate 9 + -96 + 122 + -2 + -3.
30
Evaluate 7 - (32 + -68 + 63 + (5 - 4)).
-21
(14 - -8) + -12 + (-30 + 23 - (-2 - 29))
34
Evaluate 0 + 82 + -7831 + 7686.
-63
What is 2 - (32 + -46 + 84 - (-1 + 15))?
-54
What is the value of 6 + 66 + 10 + -42?
40
Evaluate (312 - (-52 + 371)) + 140 + -1 + -2.
130
What is the value of 1 - ((13 - 0 - 1) + 2 - (3 - -2))?
-8
Calculate 37 + (3 - 0 - (-2 + 23 - 20)).
39
Calculate -63 + (-16 - -51) - (8 + -114).
78
Evaluate 74 + (39 + -38 - -10) + 12.
97
Evaluate -74 + 64 + (1 - 9 - (22 - 25)).
-15
58 - (37 - ((31 - 0) + -1) - (2 + 7))
60
Evaluate (22 + 9 - 23) + -3 + -3 + 9.
11
What is -34 + 47 - 118 - -62?
-43
What is the value of -1 + -4 + 46 + (-96 - -42)?
-13
What is (20 + -8 + -17 - 11) + -18?
-34
What is the value of -1 + 11 - (8524 - 8550)?
36
What is the value of 30 - ((5 - -27) + -25)?
23
What is 22 + -41 + 25 + -60 + 2 - (6 - -1)?
-59
(-8 + -3 - 0) + -14 + (32 - 33)
-26
Evaluate -10 + 0 - (-11 - -23 - -10).
-32
Evaluate 132 + -69 + -80 + -1 + (7 - 4).
-15
1090 + -1119 - (-1 - -44)
-72
What is the value of -29 + 10 + (43 - 4) + 9?
29
Calculate (1 - -7 - 1) + 39 + (36 - 52).
30
-98 + (-17 - 4 - (-2 + 5 - -1) - -12)
-111
What is 5 + -56 + (23 - 22) + -5 + 0 + -3?
-58
What is the value of -26 + (-23 - (5 - (-13 + 43)))?
-24
What is 0 - 11 - ((123 - 70) + -77)?
13
Calculate 346 + -261 - (2 + -2 - 19).
104
Evaluate -9 + 51 + -32 + -43.
-33
What is the value of (-25 + 0 - (-178 + 181 - 13)) + 0 + 25?
10
Calculate -22 + -46 + 45 - -41.
18
Calculate 4 - (-1 + 0) - 2 - (-13 + 12 - -1).
3
What is 82 + 5 - (-2686 - -2698)?
75
Evaluate -3 - -112 - (-575 + 562).
122
Evaluate -8 - (-19 - 0) - -47 - (0 - (-3 + 6)).
61
What is 1 + -21 - -4 - (-25 - -38 - 27)?
-2
Calculate -15 + 140 + -124 + 59.
60
0 + (-37 - 0) + (37 + -183 - -153)
-30
55 + 15 + -76 - 70
-76
What is the value of 12 - (158 + -40 + -7 - -15)?
-114
What is the value of -21 - ((31 - (-15 + 37)) + 6)?
-36
Evaluate -458 + 474 - (-1 + 21).
-4
Calculate (-1 - (-73 - -1)) + (-14024 - -14030) + 14.
91
Calculate -17 - ((-8 - (-12 + -3)) + (-20 - -18)).
-22
What is 15 + (-2 - (9 - -87)) - (-9 + 20) - -15?
-79
Calculate 20 + (37 - 34 - -2).
25
Calculate (4 - 0) + (645 - 607).
42
What is the value of -82 + 151 + -67 - (0 + 125)?
-123
What is (-13 - -15) + -5 + 2 + -33 + 14?
-20
Calculate 80 - (88 + (31 - -37)).
-76
Evaluate (0 - 9) + (44 - 15 - 28) - -31 - -8.
31
What is -24 - (-14 + 7 + -12 + 0)?
-5
What is (21 - -2) + (-76 + 75 - (2 - -5))?
15
Evaluate 3 + 2 + -2 + (-20 - 0) + (-1625 - -1615).
-27
19 + -2 - (-47 + 123) - (-9 - 2)
-48
Calculate -45 + 1 + -21 + (28 + -9 + -22 - -20).
-48
What is -1 + 0 + 7 + 1 + 963 + -958?
12
What is -35 + -3 + 53 + -38?
-23
-12 + (1 - 0) + -30 + 72 + -53
-22
-5 - ((7 - (-14 + 14 + 8)) + -3)
-1
Calculate 0 + 17 + (-13 - -8) + -5.
7
Calculate (1 + -6 - -33) + 3 + 1.
32
What is the value of 63 - ((-22 - -32) + (4 - 3))?
52
What is the value of -6 + -7 - 1 - ((-5 - -2) + -21)?
10
(0 - -18) + (16 - 24) - (16 - -8 - -10)
-24
(-5 - (-38 - -25)) + 13
21
What is -16 + 28 + -13 - -25 - 11?
13
Calculate 2320 + -2318 + 2 + -1 + 0 + -27.
-24
41 + -11 + 8 + (30 - 15) + -12
41
-74 + (67 - -23) - 14
2
What is the value of (-3 - (3 + -7)) + -1 + 5 + -14 - -5?
-4
(11 - 0) + (-54 - (0 - 11) - (11 + 8))
-51
What is the value of -68 + -49 + 131 - -73?
87
What is the value of (54 - (0 - -59)) + -28?
-33
Calculate 20 - ((-10 - 1) + -5 + 13).
23
Calculate (-12 - -25) + -16 + 0 + (-6 - -121) + 9.
121
Calculate -24 - (70 - 21 - 35).
-38
36 - (10 - -10 - -16) - 33
-33
Evaluate 58 + -43 + (10 - (2 + -12 + 5 + 7)).
23
Calculate (2 - (1 + -10)) + 3 - (7 - 16).
23
5 + 77 + -27 - 23 - -25
57
What is -33 + (-3 + 12 - 20) + 16?
-28
Evaluate -951 + 950 + (-23 - 0).
-24
Calculate (-4509 - -4538) + -56 + -2.
-29
61 + (-31 - 26 - -35) - (-12 + 1)
50
Calculate (-45 - -4) + (1888 - 1875).
-28
0 + (-2 - -1) + (65 - 25 - -15)
54
128 + 127 + -113 + -92
50
What is the value of -125 - -159 - 25 - (88 + -3 + -1)?
-75
(2 + 3 + -2 - (-43 + (-32 - -50))) + 1
29
Calculate 6 - (6 - 1 - (-30 - -52)).
23
Evaluate -6 - (48 + 74 + -64).
-64
What is the value of 1 + 1 + 14 + (13 - -32 - 101)?
-40
What is -1 - 5 - ((3 - 23) + 14) - -18?
18
-57 - (-186 - -121) - (0 - -4)
4
(2 - -1) + -14 + 17 - (117 - 111) - 16
-16
Evaluate (39 - -15) + -25 - (2 - 25).
52
Calculate (68 - (-1 - 5)) + -1 + 24.
97
Calculate -182 + -18 + 105 + 66.
-29
Calculate (1 - 0) + -1 + 18 + -72 - (-52 + 64).
-66
What is 2 - (19 - (12 - (18 + -27)))?
4
Calculate 12 + -2 + (-46 + 30 - -39).
33
Calculate 11 + 22 + (-29 - -5).
9
What is the value of (-1 - 6) + 6 + -3 + -35 + 3300 + -3326?
-65
What is the value of -40 + 143 + -61 - 36?
6
Evaluate (-54 - (-6 + -65)) + 4 + -12.
9
Calculate 0 - -8 - (18 - 14 - ((8 - 8) + -3)).
1
Calculate (96 - 122) + (56 - -7) - 172.
-135
What is -7 + 13 + (-2 - -3) + -1 + -72 + -2?
-68
Evaluate 10 + -30 + 28 + -24.
-16
Evaluate 67 - (-9 - (9 + -17 + (-16 - -17))).
69
What is (-22 - -52 - 28) + 1 + -1 + 11 - 107?
-94
Calculate -22 - -1 - ((-1 - 4) + -1 + 4 + 3).
-22
Evaluate (-2 - -7) + -11 + (-3 - ((17 - 7) + -23)).
4
Calculate (-93 + 70 - (-14 - 1)) + -18.
-26
Evaluate 0 - -37 - ((-3 - 16) + 389 + -365).
32
22 - 85 - -70 - 41
-34
Calculate (27 - (5 - 5)) + 5 + 27.
59
Evaluate -80 + 112 + -37 + 11.
6
Calculate (11 - 18 - (-8 - -6)) + 8 + 45.
48
Calculate 11 - (-13 + -4 - -23 - -28).
-23
-10 - -1 - (-13 - -28 - 2) - (-5 + 2)
-19
Calculate 0 + -30 + -6380 + 6431.
21
What is 12 + -2 - 38 - (-10 - 1) - -13?
-4
Calculate (-22 + 14 - 13) + 22 + 3 + -11 - 91.
-98
1088 + -1123 + (2 - -20)
-13
Calculate (8 + -1 + -11 + 23 - 17) + -2 + -54.
-54
What is -2064 + 2059 + 2 + 1 + -1 - 18?
-21
Calculate 0 - ((2 - -1) + 15 + -10 - (-1 + 3)).
-6
Evaluate 12 + (4 - (-7 + 13)) - (-75 - -6 - -13).
66
What is (7 - ((-14 - -10) + -8 + -102)) + 6 + -9?
118
Evaluate 31 + -5 - (-52 - -86).
-8
What is the value of -112 + 10 + 121 + -1 + -75?
-57
Evaluate -56 + 49 + 58 + (-13 - -1).
39
Calculate (4 + -4 - (0 + 31)) + (-94 + 36 - -59).
-30
Calculate -385 - -363 - (-2 - 21) - (-2 - -14).
-11
Calculate 23 - (24 - (9 + 27 + 19)).
54
What is the value of 7 + 1 - ((9 - -4) + 8 + -7 + -21)?
15
Evaluate -43 + -9 - (-126 + 78).
-4
What is the value of 2 - -7 - (-70 + 53 + 23 - (0 - 13))?
-10
What is the val